. List the prime factors of z(u).
2, 5
Suppose -2 = -3*p + 2*p. Suppose 2*u - 38 = -p*m, -m + 6*u = 2*u - 9. List the prime factors of m.
17
Let p(n) = n**3 - 7*n**2 + 2*n - 10. Let m be p(7). Suppose m*i = 13 + 23. What are the prime factors of i?
3
Suppose -1045 = -3*s + 4*v, -3*v - 167 = -s + 178. List the prime factors of s.
3, 13
List the prime factors of 6/15 - (6715/(-25) + -5).
2, 137
Let l be ((-2)/(-4))/(6/(-192)). Let s = 36 + l. List the prime factors of s.
2, 5
Let s(d) be the first derivative of -d**6/360 - 3*d**5/40 + d**4/8 - d**3/3 - 2. Let j(z) be the third derivative of s(z). What are the prime factors of j(-8)?
11
Let x(o) be the first derivative of -o**4/4 - 4*o**3/3 - 2*o**2 + 1. What are the prime factors of x(-3)?
3
Let j(h) = h + 1. Let o be j(1). Let c be 1/(-4) - o/(-8). Suppose c = 4*r - 29 - 55. List the prime factors of r.
3, 7
Suppose 2*t - 2*q + 14 = 0, -3*q + 35 = -5*t - 0*q. List the prime factors of (-9)/(-2)*(-3 - t).
2, 3
Let x be ((-3)/9)/(1/(-6)). List the prime factors of x/((-9)/(-4) - 2).
2
Let o(r) = -r**3 - 5*r**2 - 4*r + 4. Suppose 0 = j + 3 + 1. Let x be o(j). Suppose -x*m + 10 = -2. What are the prime factors of m?
3
Suppose -c + 3 = -2*q - 4, -3*q = -3*c + 24. Let m be 12/2*(-51)/c. Let a = -20 - m. List the prime factors of a.
2, 7
Let r(g) = -g**3 - 2*g**2 - 3*g - 3. Let k be r(-2). Suppose -5*x = -10, 5*p - k = x + 10. List the prime factors of p.
3
Let b = 3 + -2. List the prime factors of 33*b/(-1 - -2).
3, 11
Suppose -12 = -3*h - 0*h - 2*n, 4*n = 4*h + 4. Suppose -d - h = -44. What are the prime factors of d?
2, 3, 7
Suppose -69 = -4*o + 5*f, 9 - 63 = -3*o + 3*f. Let y = -14 + o. What are the prime factors of y?
7
Let l(y) = 16*y**2 - y + 1. Suppose 0 = 4*i - 2*i - 4. Suppose 0*n = 2*n - i. List the prime factors of l(n).
2
Suppose -y = 3*y - 12. Suppose 3*q - y*p = -q + 90, p = 5*q - 118. List the prime factors of q.
2, 3
Suppose 6*a - a = -85. Let n = 26 + a. List the prime factors of n.
3
Suppose m - 1 = 2. Suppose 0 = m*p + 2*p - 95. List the prime factors of p.
19
Suppose -2*d - 24 = -5*r, 4*d - r = 4 - 16. List the prime factors of -2 + 16/(d/(-1)).
2, 3
Let s(f) = f**2 - 2*f - 6. Let m = 4 - 8. List the prime factors of s(m).
2, 3
Suppose f + f - 304 = 5*h, -5*f - 3*h = -698. What are the prime factors of f?
2, 71
Suppose 0 = 2*p - 19 + 9. List the prime factors of p.
5
Let j(k) = k + 13. Let n be 6/(-4)*(-8)/6. Suppose -m = n*m. What are the prime factors of j(m)?
13
What are the prime factors of 28/(-252) + 6644/18?
3, 41
Let f(l) = -l - 1. Let y be f(-4). Suppose -y*a - 2*p = 4, 0 = 2*p - 4*p - 10. Suppose 2 = -2*m, -a*r - 3*m + 16 = -5. List the prime factors of r.
2, 3
Let t(l) = l**3 + 12*l**2 + 12*l + 15. Let b(p) = -p - 6. Let a be b(5). What are the prime factors of t(a)?
2
Let w be 7/(-2)*(-60)/35. Suppose 5*u - 4*u - w = 0. What are the prime factors of u?
2, 3
Suppose -28 - 102 = -5*y. What are the prime factors of y?
2, 13
Let m(z) = 3*z**3 + 3*z - 2. What are the prime factors of m(2)?
2, 7
Let h = -45 + 204. List the prime factors of h.
3, 53
Let i be (1/2)/(3/18). Let r(b) = -2*b**3 + 0*b**3 + 7*b**2 + 9*b + i + b**3. List the prime factors of r(8).
11
Let z(k) = k + 7. Let r = -2 - 1. Let n be z(r). Suppose 25 - 1 = n*y. List the prime factors of y.
2, 3
Let u(w) = w + 101. List the prime factors of u(0).
101
Let x be -7*(-3 - (-76)/28). Suppose 5*o - 84 = x*o. List the prime factors of o.
2, 7
Let f be (-4)/(-3)*(-54)/(-2). Suppose -4*d - 8 + f = 0. Let s = d - 1. What are the prime factors of s?
2, 3
Suppose 0*u + r = -5*u - 59, 4*u + 3*r + 45 = 0. Let m be (-5)/(-1)*u/30. What are the prime factors of 3 + m + (0 - -2)?
3
Let i be 14/2 + (-1 - 1). Suppose -d - 9 = -4*u, -2*d - i*u + 42 = -u. List the prime factors of 1 + -2 - (3 - d).
7
Let s be (-3 - -2)*0 - -6. List the prime factors of (21/s)/((-1)/(-2)).
7
Let p(r) = r**3 + 9*r**2 + 3*r + 16. List the prime factors of p(-7).
3, 31
Suppose -9 = -4*t + 3. Suppose -3*o = -3*s - 49 - 56, 4*s = -t*o + 91. List the prime factors of o.
3, 11
Suppose 0 = 3*p - 3 - 171. Suppose -2*b + 3*t - 18 = -0*t, -p = 5*b - t. Let l = b + 22. List the prime factors of l.
2, 5
Suppose 0*r = -2*r + 68. What are the prime factors of r?
2, 17
Suppose 6 = 4*v - v, g + 2*v = 299. List the prime factors of g.
5, 59
Let i(k) = 2*k**2 - k + 1. What are the prime factors of i(8)?
11
Suppose 2*d - 2 = 8. Suppose -4*c + 2 = -5*c + a, -c + d*a - 22 = 0. What are the prime factors of c?
3
Suppose 0 = -7*q + 6*q + 726. What are the prime factors of 2/(-7) - q/(-42)?
17
Let c = 542 + -308. Let z be c/14 - 2/(-7). Let x = z + -4. List the prime factors of x.
13
Let f(o) = 2*o**3 - 13*o**2 - 10*o - 5. List the prime factors of f(8).
107
Let d(v) = 3*v**2 - 11*v - 3. What are the prime factors of d(-5)?
127
Suppose 3*w + 278 = 5*q + 4*w, w = 5*q - 272. What are the prime factors of q?
5, 11
Suppose -c - 4*c + 25 = -5*o, -3*o = 3*c - 39. Suppose -c - 11 = -4*a. Suppose a*i = 2*i + 9. List the prime factors of i.
3
Let f = -161 + 233. Suppose 0 = 2*y + 3*c - 22, 0 = -2*y - 2*y + c + f. List the prime factors of y.
17
Let m(f) = -21*f - 6. Let j be m(-4). Let v be j/(-18) - 2/3. Let y = v - -10. List the prime factors of y.
5
Let y(p) = p**3 + 5*p**2 - 2*p + 1. List the prime factors of y(-5).
11
Suppose -o - 1000 = -6*o. List the prime factors of o.
2, 5
List the prime factors of (-14)/(-4)*(-264)/(-12) - -3.
2, 5
Let k = -54 + 30. Let z be (-336)/(-9) + (-4)/(-6). Let v = z + k. What are the prime factors of v?
2, 7
Let c = -16 - -20. Suppose -3*q = c*b - 43, -b + 21 = b + q. List the prime factors of b.
2, 5
Let f = 82 - -145. List the prime factors of f.
227
Suppose -5*j + s + 150 = 0, -4*j + 0*s = 5*s - 120. List the prime factors of j.
2, 3, 5
Suppose -9 = -5*w + 186. What are the prime factors of w?
3, 13
Let h = -33 - -20. Let j = h + 20. List the prime factors of j.
7
Let l be ((-2)/2)/(1/(-10)). List the prime factors of (-36)/10*l/(-3).
2, 3
Let y = 13 - 4. Let q(f) = f**3 - f**2 - f**2 + y - 6 - 6*f. What are the prime factors of q(4)?
11
Suppose g - 2*n = -2, -g = -0*g - 3*n + 3. Suppose -3*x = -4*z + 2, z - 2*z + 5 = g. What are the prime factors of (1 - -1) + x/3?
2
Let n(k) = k**2 - k + 2. Let i be n(-3). Let s = 9 - -3. Suppose 2*d + 3*d + y = i, 4*d - 5*y = -s. List the prime factors of d.
2
Suppose 88 = 7*z - 297. List the prime factors of z.
5, 11
Let i(h) = 3*h**3 + 2*h**2 - 2*h - 2. Suppose 4 - 2 = t. What are the prime factors of i(t)?
2, 13
Let j be ((-16)/(-12))/((-1)/(-30)). Suppose -5*p + 34 - 9 = 0. Suppose 10 = -p*n + j. List the prime factors of n.
2, 3
Let s(p) be the second derivative of p**4/12 + p**3/3 - 3*p**2/2 - 2*p. Let v be (2 - (-3 - -4))*2. What are the prime factors of s(v)?
5
Let w(l) be the first derivative of 3/2*l**2 - 1/4*l**4 + 0*l**3 + 1 + 2*l. What are the prime factors of w(-2)?
2
What are the prime factors of 0 + ((-10)/(-45) - 9633/(-27))?
3, 7, 17
Let s = 13 + 320. List the prime factors of s.
3, 37
Let n(y) = 8*y**2 - y - 4. What are the prime factors of n(-2)?
2, 3, 5
Let m(a) = -a**3 - 11*a**2 - 11*a + 9. Let j be 28/7*(-10)/4. List the prime factors of m(j).
19
Let h = 2 - -4. List the prime factors of h.
2, 3
Let j = -41 + 105. Let m = -32 + j. What are the prime factors of m?
2
Suppose 2*b = 11 + 13. Let g = b - -3. What are the prime factors of g?
3, 5
Suppose 0*k = 2*k - 4. Suppose -5 = 5*g + 3*v + k*v, 4*v = -12. What are the prime factors of g?
2
Let n(z) = 2*z**2 + 11*z + 7. Let l(c) = 2*c - 2. Let w be l(-3). Let t be n(w). Suppose 2*s - 26 = 2*a, -3*a + 4*a = -5*s + t. List the prime factors of s.
2, 5
List the prime factors of 64/1 - (1 + -5).
2, 17
Let x(i) = -5*i + 2. Let o = -11 + 5. List the prime factors of x(o).
2
Let t(c) = -5*c**2 + 2*c + 1. Let n be t(-1). Let i be 4 + -3*(-4)/n. Suppose 5 = -w + 2*r, -2*w - r - i = -4*w. List the prime factors of w.
3
Suppose 5*w = w + 8. Suppose -i + w*i = 0. Let q(x) = -x**2 + x + 12. What are the prime factors of q(i)?
2, 3
Let u(v) = v - 6. Let g be u(10). Suppose 3*d = -p + 26, g*p + 0*p + 2*d - 74 = 0. List the prime factors of p.
17
Suppose -4*n = -0*s + 3*s - 12, 0 = -3*n + 2*s + 9. Suppose 2*h - n*d = 19 + 46, 0 = -5*h - 3*d + 17